me factors of 2880809814.
2, 3, 41, 2777, 4217
List the prime factors of 419796137.
397, 1057421
What are the prime factors of 26093908?
2, 6523477
What are the prime factors of 4613698?
2, 17, 135697
What are the prime factors of 487227998?
2, 23, 379, 27947
What are the prime factors of 1083374431?
29, 53, 704863
List the prime factors of 416500684.
2, 104125171
What are the prime factors of 651693761?
651693761
List the prime factors of 468448147.
6661, 70327
What are the prime factors of 5319403360?
2, 5, 17, 67, 101
What are the prime factors of 64425792?
2, 3, 307, 1093
What are the prime factors of 1754518688?
2, 13, 37, 113989
What are the prime factors of 972618529?
53, 18351293
What are the prime factors of 1247381278?
2, 11, 13, 4361473
List the prime factors of 6031999457.
11, 61, 8989567
List the prime factors of 351140454.
2, 3, 7, 521, 1783
List the prime factors of 49282114.
2, 7, 3520151
What are the prime factors of 43168488?
2, 3, 11, 163517
List the prime factors of 312341810.
2, 5, 11, 2839471
List the prime factors of 556092729.
3, 17, 1211531
List the prime factors of 2584097054.
2, 7, 11, 971, 1571
List the prime factors of 1776953540.
2, 5, 29, 3063713
What are the prime factors of 670341856?
2, 1621, 12923
List the prime factors of 495090872.
2, 67, 167, 5531
List the prime factors of 33041363.
23, 199, 7219
What are the prime factors of 376954465?
5, 131, 575503
List the prime factors of 67280368.
2, 19, 221317
List the prime factors of 389755679.
29, 173, 77687
What are the prime factors of 2958532189?
11173, 264793
List the prime factors of 45972299.
103, 446333
What are the prime factors of 30664298?
2, 7, 157, 1993
List the prime factors of 56765642.
2, 28382821
What are the prime factors of 87664448?
2, 29, 149, 317
What are the prime factors of 2092897443?
3, 7, 13, 19, 23, 53, 331
What are the prime factors of 16315923?
3, 13, 418357
List the prime factors of 3659518.
2, 1829759
List the prime factors of 545007696.
2, 3, 11354327
List the prime factors of 194821331.
194821331
List the prime factors of 2136104092.
2, 1291, 413653
List the prime factors of 2797474929.
3, 932491643
What are the prime factors of 3309580568?
2, 7, 59099653
What are the prime factors of 51050796?
2, 3, 17, 19, 13171
What are the prime factors of 677874753?
3, 75319417
List the prime factors of 19107054.
2, 3, 89, 11927
What are the prime factors of 72087320?
2, 5, 607, 2969
What are the prime factors of 384070616?
2, 41, 1170947
List the prime factors of 1042041295.
5, 208408259
What are the prime factors of 1500548597?
43, 34896479
List the prime factors of 63157246.
2, 31578623
List the prime factors of 60411730.
2, 5, 523, 11551
List the prime factors of 35720869.
397, 89977
List the prime factors of 13681809.
3, 167, 9103
List the prime factors of 89235296.
2, 2788603
What are the prime factors of 991409978?
2, 13, 17, 43, 52163
What are the prime factors of 83542098?
2, 3, 29, 53, 9059
What are the prime factors of 980597197?
980597197
What are the prime factors of 9119352794?
2, 919, 4961563
List the prime factors of 103966590.
2, 3, 5, 7, 13, 38083
What are the prime factors of 41687175?
3, 5, 555829
What are the prime factors of 26791890?
2, 3, 5, 307, 2909
List the prime factors of 109283624.
2, 13660453
List the prime factors of 108144807.
3, 36048269
What are the prime factors of 10400092?
2, 167, 15569
What are the prime factors of 77371668?
2, 3, 11, 61, 3203
What are the prime factors of 705124456?
2, 47, 1875331
List the prime factors of 103381642.
2, 7, 13, 23, 24697
What are the prime factors of 551594195?
5, 79, 137, 10193
List the prime factors of 7140686387.
7140686387
List the prime factors of 103568376.
2, 3, 4315349
What are the prime factors of 6210867?
3, 13, 71, 2243
What are the prime factors of 901619120?
2, 5, 59, 191021
What are the prime factors of 458806720?
2, 5, 79, 18149
What are the prime factors of 2395099976?
2, 691, 433267
List the prime factors of 35492258.
2, 17746129
What are the prime factors of 2692437?
3, 11, 83, 983
List the prime factors of 112452844.
2, 7, 573739
List the prime factors of 2948998712.
2, 11, 353, 94933
List the prime factors of 2986711261.
2986711261
What are the prime factors of 227914985?
5, 47, 969851
What are the prime factors of 4376699597?
73, 59954789
What are the prime factors of 149114224?
2, 7, 1331377
List the prime factors of 416505784.
2, 52063223
List the prime factors of 875378571.
3, 419, 696403
What are the prime factors of 168773700?
2, 3, 5, 562579
List the prime factors of 34204713.
3, 61, 311, 601
What are the prime factors of 108814101?
3, 11, 3297397
List the prime factors of 83610900.
2, 3, 5, 173, 179
What are the prime factors of 118150931?
23, 821, 6257
What are the prime factors of 16554989?
11, 1504999
What are the prime factors of 129263017?
13, 461, 21569
List the prime factors of 77529676.
2, 7, 421, 6577
List the prime factors of 337135063.
29, 11625347
What are the prime factors of 91602401?
11, 19, 109, 4021
List the prime factors of 2943616813.
2943616813
What are the prime factors of 153869216?
2, 1361, 3533
List the prime factors of 285844237.
7, 89, 458819
What are the prime factors of 423612538?
2, 211806269
What are the prime factors of 143155591?
251, 643, 887
List the prime factors of 618288400.
2, 5, 43, 103, 349
What are the prime factors of 3563497086?
2, 3, 593916181
List the prime factors of 56356763.
56356763
List the prime factors of 334076352.
2, 3, 1739981
What are the prime factors of 320148718?
2, 31, 2063, 2503
What are the prime factors of 421827572?
2, 105456893
List the prime factors of 318184150.
2, 5, 163, 39041
List the prime factors of 4067314672.
2, 15881, 16007
List the prime factors of 700614344.
2, 79, 1108567
List the prime factors of 227833279.
59, 3861581
What are the prime factors of 105571645?
5, 1873, 11273
List the prime factors of 1594463104.
2, 13, 41, 23371
List the prime factors of 964688363.
7229, 133447
List the prime factors of 3263373460.
2, 5, 503, 324391
List the prime factors of 172689711.
3, 4177, 13781
List the prime factors of 153609837.
3, 379, 135101
What are the prime factors of 251665502?
2, 11, 31, 463, 797
What are the prime factors of 272714922?
2, 3, 2437, 6217
What are the prime factors of 291418224?
2, 3, 43, 271, 521
What are the prime factors of 1859933692?
2, 464983423
List the prime factors of 424107476.
2, 13, 8155913
List the prime factors of 1402688052.
2, 3, 1223, 31859
List the prime factors of 558575991.
3, 62063999
What are the prime factors of 40975454?
2, 13, 167, 9437
What are the prime factors of 163323069?
3, 7, 13, 19, 23, 37
List the prime factors of 1264470231.
3, 421490077
List the prime factors of 5605756856.
2, 7, 100102801
List the prime factors of 155974792.
2, 19496849
What are the prime factors of 790811311?
151, 269, 19469
What are the prime factors of 5025086306?
2, 11779, 213307
What are the prime factors of 182940?
2, 3, 5, 3049
What are the prime factors of 607023398?
2, 109, 1303, 2137
What are the prime factors of 2198108504?
2, 274763563
List the prime factors of 178770243.
3, 499, 119419
List the prime factors of 11247199.
11247199
What are the prime factors of 19865926?
2, 271, 36653
What are the prime factors of 412265951?
37, 11142323
What are the prime factors of 2758333666?
2, 11, 29, 13553
List the prime factors of 2789586056.
2, 643, 542299
What are the prime factors of 5340426652?
2, 11, 1087, 111659
List the prime factors of 52498019.
7, 151, 49667
List the prime factors of 1040188859.
1040188859
List the prime factors of 332696513.
421, 523, 1511
List the prime factors of 20030464.
2, 31, 631
What are the prime factors of 6484754636?
2, 1621188659
What are the prime factors of 306820072?
2, 13, 2950193
What are the prime factors of 2471152681?
43, 57468667
List the prime factors of 825276412.
2, 206319103
List the prime factors of 180376713.
3, 11, 67481
List the prime factors of 71956691.
233, 308827
List the prime factors of 106331021.
811, 131111
List the prime factors of 20388281.
23, 757, 1171
What are the prime factors of 626167390?
2, 5, 491, 127529
What are the prime factors of 35664982?
2, 1429, 12479
List the prime 